837590?
2, 5, 7, 5791
What are the prime factors of 1902484859?
11, 23, 7519703
List the prime factors of 112852293.
3, 139, 277, 977
What are the prime factors of 61560567?
3, 760007
What are the prime factors of 66214424?
2, 23, 29, 12409
What are the prime factors of 235912585?
5, 151, 193, 1619
List the prime factors of 56039415.
3, 5, 41, 91121
List the prime factors of 2731888766.
2, 461, 1321, 2243
List the prime factors of 53981744.
2, 3373859
List the prime factors of 94439409.
3, 31479803
List the prime factors of 133363122.
2, 3, 22227187
What are the prime factors of 64590740?
2, 5, 3229537
List the prime factors of 2093024656.
2, 23, 29, 43, 4561
What are the prime factors of 2242422372?
2, 3, 186868531
What are the prime factors of 39184521?
3, 2687, 4861
What are the prime factors of 49298108?
2, 23, 535849
List the prime factors of 447397085.
5, 19, 149, 31607
List the prime factors of 6350933.
6350933
List the prime factors of 1009543846.
2, 504771923
What are the prime factors of 119399828?
2, 29849957
What are the prime factors of 3643962249?
3, 179, 1033, 6569
List the prime factors of 1479392330.
2, 5, 13, 359, 31699
List the prime factors of 4522626541.
6367, 710323
What are the prime factors of 4977781291?
7, 19, 821, 45587
What are the prime factors of 1958989630?
2, 5, 13, 15069151
List the prime factors of 203409897.
3, 41, 1653739
List the prime factors of 69888254.
2, 34944127
What are the prime factors of 76061313?
3, 19, 444803
What are the prime factors of 1868416914?
2, 3, 7, 13, 23, 148783
What are the prime factors of 1620167166?
2, 3, 90009287
What are the prime factors of 3052891393?
29, 1423, 2551
What are the prime factors of 3829322747?
3829322747
List the prime factors of 59094920.
2, 5, 37, 39929
List the prime factors of 49616021.
7, 13, 545231
List the prime factors of 35343926.
2, 3209, 5507
What are the prime factors of 168912129?
3, 857, 65699
List the prime factors of 138748322.
2, 17, 240049
List the prime factors of 199369793.
7, 19, 1049, 1429
List the prime factors of 1068515797.
1068515797
List the prime factors of 30855953.
241, 128033
List the prime factors of 70478394.
2, 3, 7, 23, 72959
What are the prime factors of 623723010?
2, 3, 5, 29, 359, 1997
What are the prime factors of 3191507?
11, 290137
What are the prime factors of 216288422?
2, 7, 1433, 10781
List the prime factors of 241401675.
3, 5, 23, 139943
What are the prime factors of 3274422800?
2, 5, 11, 744187
What are the prime factors of 77372511?
3, 383, 67339
What are the prime factors of 1463237993?
7, 127, 1645937
What are the prime factors of 266437772?
2, 197, 338119
List the prime factors of 1203239227.
23, 367, 142547
What are the prime factors of 16118925?
3, 5, 29, 7411
List the prime factors of 17001427.
17001427
What are the prime factors of 85937361?
3, 19, 23, 65551
What are the prime factors of 3634119121?
17, 213771713
What are the prime factors of 7814479?
53, 283, 521
List the prime factors of 287879602.
2, 19, 7575779
List the prime factors of 3311153319.
3, 13807, 79939
List the prime factors of 85253987.
7, 13, 719, 1303
List the prime factors of 224057558.
2, 149, 751871
List the prime factors of 128344965.
3, 5, 7, 41, 4259
What are the prime factors of 30517895?
5, 19, 23, 13967
What are the prime factors of 2702542471?
883, 3060637
What are the prime factors of 68520437?
127, 439, 1229
List the prime factors of 28610649.
3, 3178961
List the prime factors of 6477657436.
2, 59, 27447701
What are the prime factors of 16827082?
2, 37, 227393
List the prime factors of 54529608.
2, 3, 7, 17, 61, 313
List the prime factors of 253843979.
709, 358031
List the prime factors of 21455087.
21455087
What are the prime factors of 72364053?
3, 17, 251, 5653
List the prime factors of 3364795816.
2, 151, 977, 2851
What are the prime factors of 1695544052?
2, 423886013
List the prime factors of 100436811.
3, 2963, 11299
List the prime factors of 43995893.
83, 223, 2377
List the prime factors of 22819269.
3, 11, 37, 1699
List the prime factors of 58929159.
3, 19643053
What are the prime factors of 51581896?
2, 6447737
What are the prime factors of 146437083?
3, 13, 37, 33827
What are the prime factors of 22914245?
5, 4582849
List the prime factors of 346690018.
2, 59, 71, 41381
What are the prime factors of 103493230?
2, 5, 10349323
List the prime factors of 1114434072.
2, 3, 677, 7621
List the prime factors of 10353589.
10353589
List the prime factors of 125568112.
2, 19, 413053
What are the prime factors of 180222848?
2, 13, 17, 23, 277
List the prime factors of 568144982.
2, 43, 71, 93047
List the prime factors of 1769805703.
1769805703
List the prime factors of 19906486.
2, 9953243
List the prime factors of 33371335.
5, 41, 162787
What are the prime factors of 118019421?
3, 13, 181, 5573
What are the prime factors of 64529492?
2, 16132373
What are the prime factors of 1430684080?
2, 5, 7, 71, 35983
What are the prime factors of 1029521053?
11, 93592823
List the prime factors of 22724469.
3, 280549
List the prime factors of 900214276.
2, 13, 2083, 8311
List the prime factors of 58040940.
2, 3, 5, 967349
What are the prime factors of 2654817008?
2, 2753, 60271
List the prime factors of 518076011.
518076011
What are the prime factors of 545369308?
2, 11, 97, 127781
List the prime factors of 685089851.
17, 40299403
What are the prime factors of 24322443?
3, 241, 33641
What are the prime factors of 324320235?
3, 5, 109, 293, 677
What are the prime factors of 181025042?
2, 11, 23, 347, 1031
What are the prime factors of 7362860654?
2, 31, 118755817
List the prime factors of 416815961.
1733, 240517
What are the prime factors of 9312655?
5, 11, 169321
List the prime factors of 17923807.
11, 179, 9103
List the prime factors of 61735900.
2, 5, 617359
What are the prime factors of 46149972?
2, 3, 11, 313, 1117
List the prime factors of 8709924.
2, 3, 725827
What are the prime factors of 17255988?
2, 3, 149, 3217
List the prime factors of 160353000.
2, 3, 5, 5939
What are the prime factors of 737173464?
2, 3, 83, 370067
What are the prime factors of 122495949?
3, 43, 105509
List the prime factors of 20200705.
5, 7, 19, 37, 821
List the prime factors of 36294200.
2, 5, 89, 2039
What are the prime factors of 52828556?
2, 11, 233, 5153
What are the prime factors of 140174118?
2, 3, 7, 97, 3823
List the prime factors of 81788383.
113, 723791
List the prime factors of 72657731.
29, 89, 28151
List the prime factors of 132378427.
673, 196699
List the prime factors of 14451348.
2, 3, 1204279
What are the prime factors of 29969080?
2, 5, 19, 47, 839
What are the prime factors of 3988387203?
3, 283, 4697747
What are the prime factors of 252348518?
2, 126174259
What are the prime factors of 234464816?
2, 17, 373, 2311
List the prime factors of 811028537.
11, 17, 4337051
What are the prime factors of 112733227?
112733227
What are the prime factors of 37065692?
2, 71, 130513
List the prime factors of 79947385.
5, 7, 2284211
List the prime factors of 3523013503.
181, 19464163
List the prime factors of 5917219130.
2, 5, 591721913
List the prime factors of 152886161.
67, 2281883
What are the prime factors of 3548950553?
73, 48615761
List the prime factors of 475913687.
475913687
What are the prime factors of 613722552?
2, 3, 37, 691129
What are the prime factors of 289031129?
289031129
List the prime factors of 1777180135.
5, 355436027
What are the prime factors of 1324941128?
2, 7, 23, 1028681
List the prime factors of 55659324.
2, 3, 7, 109, 6079
List the prime factors of 74309055.
3, 5, 541, 9157
List the prime factors of 511098040.
2, 5, 12777451
List the prime factors of 31420394.
2, 139, 113023
List the prime factors of 2976091352.
2, 13, 169327
What are the prime factors of 24928777?
29, 43, 19991
What are the prime factors of 93972112?
2, 13, 23, 1511
What are the prime factors of 22219345?
5, 137, 163, 199
What are the prime factors of 1555637665?
5, 73, 113, 37717
What are the prime factors of 1069308595?
5, 213861719
List the prime factors of 950074867.
7, 1559, 12437
List the prime factors of 4142841530.
2, 5, 37, 11196869
What are the prime factors of 176933840?
2, 5, 131, 16883
What are the prime factors of 392930680?
2, 5, 98232